-2898a?
28b30
In base 13, what is 307 - 43174?
-42b6a
In base 3, what is -21 + 10000222010210?
10000222010112
In base 4, what is 2310132330 + -30?
2310132300
In base 12, what is 1214 + -535?
89b
In base 3, what is 1 - -2020212112022220?
2020212112022221
In base 5, what is -13 - -1334404430?
1334404412
In base 5, what is -20210042022 + -4?
-20210042031
In base 5, what is 21303 + -2024?
14224
In base 5, what is 10422 + 130440302?
131001224
In base 10, what is 213 - -174529?
174742
In base 3, what is 22202 + 21212211?
22012120
In base 16, what is d01ddb - -7?
d01de2
In base 3, what is 21122 + -11121011212?
-11120220020
In base 8, what is 16642102 + -24?
16642056
In base 15, what is 1dd + -1265?
-1077
In base 12, what is 1bb666 + 14?
1bb67a
In base 10, what is -95567081 - 3?
-95567084
In base 12, what is 8ba - 16725?
-15a27
In base 4, what is -100123220 - 10113?
-100133333
In base 7, what is -20602 - -33235?
12333
In base 9, what is 223 - 163170?
-162846
In base 11, what is 7 + -4a5402?
-4a53a6
In base 15, what is 7cab + -44d?
785d
In base 14, what is -10d - -5a30?
5921
In base 5, what is 4 + -31310402200?
-31310402141
In base 13, what is -125b - 2c16c?
-303ca
In base 10, what is -357577 - 4?
-357581
In base 12, what is 67841694 - -5?
67841699
In base 14, what is -1d38 + cb18?
abc0
In base 16, what is 2 - -9f5da?
9f5dc
In base 5, what is -1312 - 2003303?
-2010120
In base 16, what is -cd + -2c1fe?
-2c2cb
In base 5, what is 10133 + -4424433?
-4414300
In base 9, what is -1171 - 4414?
-5585
In base 13, what is 42306 + -3c5?
41c11
In base 16, what is f + -1ac20?
-1ac11
In base 10, what is -274548404 - 4?
-274548408
In base 8, what is -5126164 + 243?
-5125721
In base 8, what is 54324 + -3303?
51021
In base 16, what is 52d4 + 535?
5809
In base 13, what is a523b + 3c2?
a5630
In base 13, what is -21b00a7 + -6?
-21b00b0
In base 16, what is 12cda - 32?
12ca8
In base 5, what is 1241101 + -103?
1240443
In base 5, what is 20 + 1214422143?
1214422213
In base 7, what is -55534265 + -125?
-55534423
In base 16, what is -4b4915 - -18?
-4b48fd
In base 13, what is -5 - 162646?
-16264b
In base 3, what is -12 + -122121021220?
-122121022002
In base 16, what is -73 - -c7c1?
c74e
In base 11, what is 405840 - -9?
405849
In base 9, what is 2 - -4278351?
4278353
In base 12, what is -b + 3b67516?
3b67507
In base 7, what is -1560451353 + 5?
-1560451345
In base 4, what is -1013 + -231232331202?
-231232332221
In base 15, what is 15 - 1e2941?
-1e292b
In base 10, what is 6 + -4935332?
-4935326
In base 13, what is 1785b7c4 - -3?
1785b7c7
In base 15, what is -21989c + -18?
-2198b5
In base 12, what is 87 + -2b888a7?
-2b88820
In base 11, what is 20228 + 636?
20863
In base 12, what is -1442493 + 40?
-1442453
In base 9, what is -6 + -7640446?
-7640453
In base 7, what is 23 - 321302210?
-321302154
In base 8, what is -32 + -167440?
-167472
In base 11, what is 34a78208a + -3?
34a782087
In base 4, what is 2030 + -23323?
-21233
In base 10, what is -2 + -808643?
-808645
In base 10, what is -18240725 - 3?
-18240728
In base 7, what is 3 + -201065664?
-201065661
In base 5, what is 0 - 32141203?
-32141203
In base 13, what is 5 - 109941b?
-1099416
In base 13, what is -5 - 373126?
-37312b
In base 16, what is -28e8 + -5f77?
-885f
In base 9, what is -1 - 23458351?
-23458352
In base 15, what is 991d41 - -18?
991d59
In base 2, what is 11110011100 - 1001000100000?
-101010000100
In base 2, what is -1011001010100001010011000 + 101?
-1011001010100001010010011
In base 2, what is 1111 - -1011010010000000110101?
1011010010000001000100
In base 6, what is -515031541 + 20?
-515031521
In base 2, what is 101111 - 100001100111011101100?
-100001100111010111101
In base 3, what is 101222200212202 + -122?
101222200212010
In base 4, what is 12 - 32103330303323?
-32103330303311
In base 4, what is 112100 + 23223030?
30001130
In base 11, what is 3545 - 9790?
-6246
In base 4, what is -121102311233 + 3?
-121102311230
In base 15, what is -4146 + -5e5?
-473b
In base 16, what is 1 + -105f52cb?
-105f52ca
In base 5, what is -10 - -112221102?
112221042
In base 6, what is 21443 - 251124?
-225241
In base 7, what is -10215361044 - 2?
-10215361046
In base 2, what is -101111011001110110 + 11011001?
-101111010110011101
In base 7, what is -4441254 + 1?
-4441253
In base 5, what is -14 - -1023330342?
1023330323
In base 4, what is -22021 + -2110310302?
-2110332323
In base 16, what is -7698d + 48?
-76945
In base 2, what is 111011101101100011011110 - -1?
111011101101100011011111
In base 10, what is 3034832 + -2?
3034830
In base 14, what is -6 + -78923?
-78929
In base 2, what is 11101 - 1100111101100001111110101?
-1100111101100001111011000
In base 10, what is 1307590 - 5?
1307585
In base 4, what is 23023033 + 31231?
23120330
In base 13, what is 39 + -73649c?
-736463
In base 9, what is -4700117 - 1?
-4700118
In base 5, what is -2114403044 + -2?
-2114403101
In base 8, what is 10 + -1110332636?
-1110332626
In base 9, what is -21 - -2078170?
2078148
In base 16, what is -28329e + -1?
-28329f
In base 6, what is 252 - 31530231?
-31525535
In base 13, what is -744a27 - 16?
-744a40
In base 11, what is 542414 - -490?
5428a4
In base 9, what is 1 + 47331474?
47331475
In base 6, what is 22340120 - 110?
22340010
In base 12, what is ab65 - 1414?
9751
In base 9, what is -51846206 + -1?
-51846207
In base 6, what is 53530502124 - 3?
53530502121
In base 5, what is -2031 + 1342244?
1340213
In base 13, what is 4 - -573b37?
573b3b
In base 7, what is -430115626 - 3?
-430115632
In base 12, what is -2826bb + 43?
-282678
In base 4, what is 3331320301000 + 10?
3331320301010
In base 10, what is 5 - 7432376?
-7432371
In base 12, what is -470 + 321?
-14b
In base 12, what is -284 + -39a1b?
-3a0a3
In base 6, what is -12012 - 3044442?
-3100454
In base 15, what is 1 - -d190132?
d190133
In base 10, what is -1 - -209887?
209886
In base 10, what is 9926446 + -6?
9926440
In base 4, what is -132132320032 + -10?
-132132320102
In base 8, what is -2226 + -27547?
-31775
In base 15, what is 5204560 + -5?
520455a
In base 7, what is -1033 + -103124?
-104160
In base 13, what is -78 - 5c6c?
-6017
In base 10, what is 2 - -3553981?
3553983
In base 13, what is -72155 - 51?
-721a6
In base 5, what is 14403 - -41003?
110411
In base 6, what is 1053153112 + 43?
1053153155
In base 11, what is -2336 + -129?
-2464
In base 14, what is 23aa3d2 - 0?
23aa3d2
In base 6, what is 150104402 + -5?
150104353
In base 2, what is 101011011011011000100011 - 101?
101011011011011000011110
In base 16, what is 11a - ac6?
-9ac
In base 10, what is 157376485 + -3?
157376482
In base 16, what is -86 + -7267?
-72ed
In base 2, what is -111111101111011000010111 + -1?
-111111101111011000011000
In base 10, what is 1 + -3739198?
-3739197
In base 4, what is -1301032031 + -11222?
-1301103313
In base 4, what is -32211313131203 - -3?
-32211313131200
In base 9, what is 16352 + -51?
16301
In base 7, what is -625350 + 35?
-625312
In base 3, what is -110221 - -10110022200?
10102211202
In base 7, what is 12543433133 - -5?
12543433141
In base 10, what is -14 - -11314071?
11314057
In base 3, what is -10 + -11102010012?
-11102010022
In base 4, what is -2 + -1213010221320?
-1213010221322
In base 13, what is 98c087 + -b?
98c079
In base 2, what is 1100110111 - 1011001001?
1101110
In base 12, what is -2b - 328026b?
-328029a
In base 3, what is -120100 + -10012221110?
-10020111210
In base 3, what is -21 - -1122202001011?
1122202000220
In base 5, what is -32 + -2433321?
-2433403
In base 15, what is -984609b + 5?
-9846096
In base 4, what is 112021330 - 101?
112021223
In base 3, what is -10102001211212 - 10002?
-10102001221221
In base 3, what is 11 + 2200221020211?
2200221020222
In base 8, what is -11377 + 66316?
54717
In base 13, what is 55 + -315982?
-31592a
In base 7, what is 34604 + 224440?
262344
In base 2, what is -1 + 1011101001000010001100001?
1011101001000010001100000
In base 9, what is -2234274 + 222?
-2234052
In base 13, what is 8b - 29c73?
-29bb5
In base 14, what is 5 - -210626d?
2106274
In base 14, what is 166 - -1c3b7?
1c53d
In base 16, what is e + -7b1f9?
-7b1eb
In base 14, what is -4c1 - -76c?
28b
In base 15, what is -568 + -3d9e4?
-3e05c
In base 12, what is 3 - 1a445601?
-1a4455ba
In base 14, what is 242 - -b5a40?
b5c82
In base 5,